er?
False
Is 394529 composite?
False
Is 1624489 a composite number?
True
Is 57677 composite?
True
Is 23255 composite?
True
Is 21713 prime?
True
Is 12469 prime?
False
Is 29917 a prime number?
True
Is 23245 composite?
True
Is 7057 a composite number?
False
Is 92602 composite?
True
Is 8069 a prime number?
True
Is 13619 composite?
False
Is 1692581 a composite number?
True
Is 6289 prime?
False
Is 669 prime?
False
Is 67883 a composite number?
False
Is 10651 prime?
True
Is 2403073 a composite number?
True
Is 2819 prime?
True
Is 5399 a prime number?
True
Is 17249 composite?
True
Is 1107235 a composite number?
True
Is 24859 prime?
True
Is 472559 composite?
False
Is 3967 composite?
False
Is 1883 prime?
False
Is 136913 a composite number?
True
Is 596803 composite?
False
Is 18991 composite?
True
Is 7115 prime?
False
Is 102343 a prime number?
False
Is 1801 a composite number?
False
Is 7291 a composite number?
True
Is 174457 composite?
False
Is 235203 composite?
True
Is 78977 composite?
False
Is 664091 a composite number?
False
Is 286655 composite?
True
Is 10085 composite?
True
Is 532801 prime?
True
Is 4099 prime?
True
Is 44803 composite?
True
Is 33889 a composite number?
False
Is 220511 a prime number?
True
Is 18509 prime?
False
Is 13235 composite?
True
Is 871223 a prime number?
False
Is 69109 a composite number?
False
Is 7523 composite?
False
Is 73379 composite?
False
Is 18427 a prime number?
True
Is 23417 a composite number?
False
Is 34819 prime?
True
Is 162802 a prime number?
False
Is 103297 prime?
False
Is 240085 composite?
True
Is 9793 prime?
False
Is 49597 prime?
True
Is 3158 prime?
False
Is 35797 prime?
True
Is 50191 a composite number?
True
Is 477313 prime?
True
Is 420773 prime?
False
Is 32367 composite?
True
Is 168343 a composite number?
True
Is 281509 prime?
True
Is 17657 a prime number?
True
Is 14962 prime?
False
Is 47933 a prime number?
True
Is 157103 prime?
True
Is 81509 a composite number?
False
Is 1037953 a prime number?
False
Is 935615 a prime number?
False
Is 677 a composite number?
False
Is 37159 a composite number?
False
Is 5259 composite?
True
Is 61823 a prime number?
False
Is 99098 a composite number?
True
Is 410753 composite?
True
Is 26921 a prime number?
True
Is 1331749 a prime number?
True
Is 34061 a composite number?
False
Is 4267 a prime number?
False
Is 379 composite?
False
Is 239585 composite?
True
Is 1042 composite?
True
Is 3881 prime?
True
Is 23761 prime?
True
Is 48109 composite?
False
Is 237257 a prime number?
True
Is 21227 a prime number?
True
Is 13645 prime?
False
Is 30031 a prime number?
False
Is 91243 composite?
False
Is 50891 composite?
False
Is 671579 a prime number?
False
Is 1581007 a composite number?
False
Is 4417 composite?
True
Is 22459 prime?
False
Is 1397941 composite?
True
Is 6047 prime?
True
Is 8939 prime?
False
Is 6469 a prime number?
True
Is 11789 composite?
False
Is 1274957 a composite number?
True
Is 23599 prime?
True
Is 38501 a prime number?
True
Is 305817 composite?
True
Is 72749 a composite number?
True
Is 67778 composite?
True
Is 97205 a composite number?
True
Is 162589 a composite number?
True
Is 1333639 a prime number?
False
Is 3749 composite?
True
Is 592721 a composite number?
True
Is 83177 a composite number?
False
Is 71215 a composite number?
True
Is 3379 a composite number?
True
Is 2404801 a composite number?
True
Is 34115 prime?
False
Is 27733 a prime number?
True
Is 299227 prime?
False
Is 31454 composite?
True
Is 23455 a composite number?
True
Is 85465 composite?
True
Is 11677 a composite number?
False
Is 6185 a composite number?
True
Is 163138 a prime number?
False
Is 265151 composite?
False
Is 9761 a composite number?
True
Is 3070469 prime?
True
Is 1007185 prime?
False
Is 528635 prime?
False
Is 21265 prime?
False
Is 93643 a prime number?
False
Is 78581 composite?
True
Is 4967 a composite number?
False
Is 64861 a composite number?
True
Is 411 a prime number?
False
Is 1772167 a composite number?
False
Is 1116809 prime?
True
Is 18569 composite?
True
Is 962041 prime?
True
Is 59141 composite?
False
Is 23143 a prime number?
True
Is 78829 composite?
True
Is 406219 a prime number?
False
Is 13751 prime?
True
Is 37121 prime?
False
Is 89266 a composite number?
True
Is 1419487 composite?
False
Is 32423 a prime number?
True
Is 14179 prime?
False
Is 216841 composite?
False
Is 15493 a prime number?
True
Is 52163 composite?
False
Is 73001 a composite number?
True
Is 66413 a prime number?
True
Is 54371 composite?
False
Is 334561 composite?
False
Is 85021 a composite number?
False
Is 474659 a prime number?
True
Is 492035 a composite number?
True
Is 253457 a prime number?
False
Is 13745 composite?
True
Is 157889 prime?
True
Is 1045913 a prime number?
False
Is 73009 a composite number?
False
Is 15949 prime?
False
Is 30617 a prime number?
False
Is 2556331 prime?
True
Is 227657 a prime number?
False
Is 707 prime?
False
Is 66301 a composite number?
False
Is 302945 prime?
False
Is 106394 a composite number?
True
Is 30293 a composite number?
False
Is 138063 composite?
True
Is 1478 composite?
True
Is 3889 prime?
True
Is 23 prime?
True
Is 4009 composite?
True
Is 143681 a composite number?
True
Is 2300609 prime?
True
Is 26309 prime?
True
Is 805669 prime?
False
Is 18623 a prime number?
False
Is 4321 prime?
False
Is 787173 composite?
True
Is 1847 composite?
False
Is 110809 prime?
False
Is 1425583 a prime number?
True
Is 29657 a prime number?
False
Is 223751 composite?
True
Is 14867 a prime number?
True
Is 1637 composite?
False
Is 15559 prime?
True
Is 3407 prime?
True
Is 9427 a composite number?
True
Is 185195 prime?
False
Is 114073 prime?
True
Is 1685 composite?
True
Is 452113 composite?
True
Is 26337 a composite number?
True
Is 260701 a composite number?
True
Is 6905 prime?
False
Is 20037 a prime number?
False
Is 92453 a prime number?
False
Is 139981 composite?
False
Is 1253 a prime number?
False
Is 167503 composite?
True
Is 10676921 composite?
False
Is 7769 a prime number?
False
Is 583 a prime number?
False
Is 32921 prime?
False
Is 4701 composite?
True
Is 19807 composite?
True
Is 26801 a composite number?
False
Is 19501 a prime number?
True
Is 5327 prime?
False
Is 356879 composite?
True
Is 134527 prime?
False
Is 87245 a prime number?
False
Is 69351 composite?
True
Is 98669 composite?
False
Is 979 composite?
True
Is 2430671 a prime number?
True
Is 563 composite?
False
Is 6761 a prime number?
True
Is 241093 prime?
True
Is 119267 a composite number?
False
Is 16973 a composite number?
True
Is 95369 a composite number?
False
Is 90169 prime?
False
Is 92611 a prime number?
False
Is 4181 prime?
False
Is 86321 a composite number?
True
Is 20341 a prime number?
True
Is 63905 a prime number?
False
Is 808307 a prime number?
True
Is 659665 a prime number?
False
Is 12187 a prime number?
False
Is 10083 a prime number?
False
Is 487589 a composite number?
False
Is 8117 prime?
True
Is 81547 a prime number?
True
Is 378439 prime?
True
Is 227827 composite?
False
Is 80531 a prime number?
False
Is 1913 a prime number?
True
Is 56083 composite?
True
Is 80187 prime?
False
Is 2363 a composite number?
True
Is 182579 composite?
False
Is 54601 a composite number?
False
Is 4181 composite?
True
Is 11073 a prime number?
False
Is 28837 composite?
False
Is 43669 a composite number?
False
Is 460871 a composite number?
False
Is 237721 composite?
True
Is 13045 prime?
False
Is 71123 composite?
True
Is 16871 a prime number?
True
Is 13291 prime?
True
Is 2844557 composite?
False
Is 140111 a composite number?
False
Is 190699 a prime number?
True
Is 1118713 a prime number?
True
Is 3691 a prime number?
True
Is 424423 a composite number?
False
Is 2059 a prime number?
False
Is 907 a composite number?
False
Is 14566 a composite number?
True
Is 31469 composite?
False
Is 711213 prime?
False
Is 3409 a composite number?
True
Is 4212079 a composite number?
True
Is 16817 prime?
False
Is 1031707 a composite number?
False
Is 203254 a prime number?
False
Is 2127 prime?
False
Is 1694013 a prime number?
False
Is 213691 a composite number?
True
Is 78377 a prime number?
False
Is 350503 composite?
False
Is 6995 composite?
True
Is 517 a composite number?
True
Is 88951 prime?
True
Is 7115 composite?
True
Is 30847 a composite number?
True
Is 2161 prime?
True
Is 49727 composite?
Fa